{"id":15954,"date":"2025-11-12T15:22:15","date_gmt":"2025-11-12T15:22:15","guid":{"rendered":"https:\/\/www.viba.it\/estrusione_alluminio\/?page_id=15954"},"modified":"2026-01-08T10:48:43","modified_gmt":"2026-01-08T10:48:43","slug":"sostenibilita","status":"publish","type":"page","link":"https:\/\/www.viba.it\/estrusione_alluminio\/sostenibilita\/","title":{"rendered":"Sostenibilita"},"content":{"rendered":"<p><div class=\"fusion-fullwidth fullwidth-box fusion-builder-row-1 fusion-flex-container has-pattern-background has-mask-background fusion-parallax-none hundred-percent-fullwidth non-hundred-percent-height-scrolling\" style=\"--awb-border-radius-top-left:0px;--awb-border-radius-top-right:0px;--awb-border-radius-bottom-right:0px;--awb-border-radius-bottom-left:0px;--awb-margin-bottom:30px;--awb-min-height:500px;--awb-background-image:url(&quot;https:\/\/www.viba.it\/estrusione_alluminio\/wp-content\/uploads\/2025\/11\/sostenibilita.jpg&quot;);--awb-background-size:cover;--awb-flex-wrap:wrap;\" ><div class=\"fusion-builder-row fusion-row fusion-flex-align-items-flex-start fusion-flex-content-wrap\" style=\"width:104% !important;max-width:104% !important;margin-left: calc(-4% \/ 2 );margin-right: calc(-4% \/ 2 );\"><div class=\"fusion-layout-column fusion_builder_column fusion-builder-column-0 fusion_builder_column_1_1 1_1 fusion-flex-column\" style=\"--awb-bg-size:cover;--awb-width-large:100%;--awb-margin-top-large:0px;--awb-spacing-right-large:1.92%;--awb-margin-bottom-large:20px;--awb-spacing-left-large:1.92%;--awb-width-medium:100%;--awb-order-medium:0;--awb-spacing-right-medium:1.92%;--awb-spacing-left-medium:1.92%;--awb-width-small:100%;--awb-order-small:0;--awb-spacing-right-small:1.92%;--awb-spacing-left-small:1.92%;\"><div class=\"fusion-column-wrapper fusion-column-has-shadow fusion-flex-justify-content-flex-start fusion-content-layout-column\"><\/div><\/div><\/div><\/div><div class=\"fusion-fullwidth fullwidth-box fusion-builder-row-2 fusion-flex-container has-pattern-background has-mask-background nonhundred-percent-fullwidth non-hundred-percent-height-scrolling\" style=\"--awb-border-radius-top-left:0px;--awb-border-radius-top-right:0px;--awb-border-radius-bottom-right:0px;--awb-border-radius-bottom-left:0px;--awb-flex-wrap:wrap;\" ><div class=\"fusion-builder-row fusion-row fusion-flex-align-items-flex-start fusion-flex-content-wrap\" style=\"max-width:1248px;margin-left: calc(-4% \/ 2 );margin-right: calc(-4% \/ 2 );\"><div class=\"fusion-layout-column fusion_builder_column fusion-builder-column-1 fusion_builder_column_1_2 1_2 fusion-flex-column\" style=\"--awb-bg-size:cover;--awb-width-large:50%;--awb-margin-top-large:0px;--awb-spacing-right-large:3.84%;--awb-margin-bottom-large:20px;--awb-spacing-left-large:3.84%;--awb-width-medium:50%;--awb-order-medium:0;--awb-spacing-right-medium:3.84%;--awb-spacing-left-medium:3.84%;--awb-width-small:100%;--awb-order-small:0;--awb-spacing-right-small:1.92%;--awb-spacing-left-small:1.92%;\" data-scroll-devices=\"small-visibility,medium-visibility,large-visibility\"><div class=\"fusion-column-wrapper fusion-column-has-shadow fusion-flex-justify-content-flex-start fusion-content-layout-column\"><div class=\"fusion-text fusion-text-1 fusion-text-no-margin\" style=\"--awb-margin-bottom:20px;\"><h1>Sostenibilit\u00e0 per VIBA<\/h1>\n<\/div><div class=\"fusion-text fusion-text-2\"><p>La sostenibilit\u00e0, per VIBA, non \u00e8 un progetto a s\u00e9 stante: \u00e8 il <strong>modo in cui scegliamo di crescere<\/strong>, produrre e creare valore <strong>da oltre trent\u2019anni<\/strong>. \u00c8 un impegno che nasce dalla nostra identit\u00e0 industriale e familiare, dal legame con il territorio bresciano e dal rispetto per le persone che ogni giorno contribuiscono alla nostra storia. Nel corso del tempo abbiamo costruito un modello di sviluppo fondato su qualit\u00e0, innovazione e responsabilit\u00e0. Oggi questo percorso prende forma in un approccio strutturato alla <strong>sostenibilit\u00e0 ambientale<\/strong>, sociale ed economica, in linea con gli standard internazionali e con le aspettative dei nostri stakeholder.<\/p>\n<\/div><\/div><\/div><div class=\"fusion-layout-column fusion_builder_column fusion-builder-column-2 fusion_builder_column_1_2 1_2 fusion-flex-column\" style=\"--awb-bg-size:cover;--awb-width-large:50%;--awb-margin-top-large:0px;--awb-spacing-right-large:3.84%;--awb-margin-bottom-large:20px;--awb-spacing-left-large:3.84%;--awb-width-medium:50%;--awb-order-medium:0;--awb-spacing-right-medium:3.84%;--awb-spacing-left-medium:3.84%;--awb-width-small:100%;--awb-order-small:0;--awb-spacing-right-small:1.92%;--awb-spacing-left-small:1.92%;\" data-scroll-devices=\"small-visibility,medium-visibility,large-visibility\"><div class=\"fusion-column-wrapper fusion-column-has-shadow fusion-flex-justify-content-flex-start fusion-content-layout-column\"><div class=\"fusion-image-element \" style=\"--awb-mask-url: url(https:\/\/www.viba.it\/estrusione_alluminio\/wp-content\/plugins\/fusion-builder\/\/assets\/images\/masks\/mask-8.svg);--awb-caption-title-font-family:var(--h2_typography-font-family);--awb-caption-title-font-weight:var(--h2_typography-font-weight);--awb-caption-title-font-style:var(--h2_typography-font-style);--awb-caption-title-size:var(--h2_typography-font-size);--awb-caption-title-transform:var(--h2_typography-text-transform);--awb-caption-title-line-height:var(--h2_typography-line-height);--awb-caption-title-letter-spacing:var(--h2_typography-letter-spacing);\"><span class=\" fusion-imageframe imageframe-none imageframe-1 hover-type-none has-mask\"><img decoding=\"async\" width=\"1280\" height=\"853\" src=\"https:\/\/www.viba.it\/estrusione_alluminio\/wp-content\/uploads\/2025\/11\/tree-5725540_1280_2.jpg\" alt class=\"img-responsive wp-image-16060\" srcset=\"https:\/\/www.viba.it\/estrusione_alluminio\/wp-content\/uploads\/2025\/11\/tree-5725540_1280_2-200x133.jpg 200w, https:\/\/www.viba.it\/estrusione_alluminio\/wp-content\/uploads\/2025\/11\/tree-5725540_1280_2-400x267.jpg 400w, https:\/\/www.viba.it\/estrusione_alluminio\/wp-content\/uploads\/2025\/11\/tree-5725540_1280_2-600x400.jpg 600w, https:\/\/www.viba.it\/estrusione_alluminio\/wp-content\/uploads\/2025\/11\/tree-5725540_1280_2-800x533.jpg 800w, https:\/\/www.viba.it\/estrusione_alluminio\/wp-content\/uploads\/2025\/11\/tree-5725540_1280_2-1200x800.jpg 1200w, https:\/\/www.viba.it\/estrusione_alluminio\/wp-content\/uploads\/2025\/11\/tree-5725540_1280_2.jpg 1280w\" sizes=\"(max-width: 640px) 100vw, 600px\" \/><\/span><\/div><\/div><\/div><\/div><\/div><div class=\"fusion-fullwidth fullwidth-box fusion-builder-row-3 fusion-flex-container has-pattern-background has-mask-background nonhundred-percent-fullwidth non-hundred-percent-height-scrolling\" style=\"--awb-border-radius-top-left:0px;--awb-border-radius-top-right:0px;--awb-border-radius-bottom-right:0px;--awb-border-radius-bottom-left:0px;--awb-margin-top:50px;--awb-flex-wrap:wrap;\" ><div class=\"fusion-builder-row fusion-row fusion-flex-align-items-flex-start fusion-flex-content-wrap\" style=\"max-width:1248px;margin-left: calc(-4% \/ 2 );margin-right: calc(-4% \/ 2 );\"><div class=\"fusion-layout-column fusion_builder_column fusion-builder-column-3 fusion_builder_column_1_2 1_2 fusion-flex-column\" style=\"--awb-bg-size:cover;--awb-width-large:50%;--awb-margin-top-large:0px;--awb-spacing-right-large:3.84%;--awb-margin-bottom-large:20px;--awb-spacing-left-large:3.84%;--awb-width-medium:50%;--awb-order-medium:0;--awb-spacing-right-medium:3.84%;--awb-spacing-left-medium:3.84%;--awb-width-small:100%;--awb-order-small:0;--awb-spacing-right-small:1.92%;--awb-spacing-left-small:1.92%;\"><div class=\"fusion-column-wrapper fusion-column-has-shadow fusion-flex-justify-content-flex-start fusion-content-layout-column\"><div class=\"fusion-image-element \" style=\"--awb-mask-url: url(https:\/\/www.viba.it\/estrusione_alluminio\/wp-content\/plugins\/fusion-builder\/\/assets\/images\/masks\/mask-8.svg);--awb-caption-title-font-family:var(--h2_typography-font-family);--awb-caption-title-font-weight:var(--h2_typography-font-weight);--awb-caption-title-font-style:var(--h2_typography-font-style);--awb-caption-title-size:var(--h2_typography-font-size);--awb-caption-title-transform:var(--h2_typography-text-transform);--awb-caption-title-line-height:var(--h2_typography-line-height);--awb-caption-title-letter-spacing:var(--h2_typography-letter-spacing);\"><span class=\" fusion-imageframe imageframe-none imageframe-2 hover-type-none has-mask\"><img decoding=\"async\" width=\"1280\" height=\"853\" src=\"https:\/\/www.viba.it\/estrusione_alluminio\/wp-content\/uploads\/2025\/11\/nature-3294632_1280_1.jpg\" alt class=\"img-responsive wp-image-16056\" srcset=\"https:\/\/www.viba.it\/estrusione_alluminio\/wp-content\/uploads\/2025\/11\/nature-3294632_1280_1-200x133.jpg 200w, https:\/\/www.viba.it\/estrusione_alluminio\/wp-content\/uploads\/2025\/11\/nature-3294632_1280_1-400x267.jpg 400w, https:\/\/www.viba.it\/estrusione_alluminio\/wp-content\/uploads\/2025\/11\/nature-3294632_1280_1-600x400.jpg 600w, https:\/\/www.viba.it\/estrusione_alluminio\/wp-content\/uploads\/2025\/11\/nature-3294632_1280_1-800x533.jpg 800w, https:\/\/www.viba.it\/estrusione_alluminio\/wp-content\/uploads\/2025\/11\/nature-3294632_1280_1-1200x800.jpg 1200w, https:\/\/www.viba.it\/estrusione_alluminio\/wp-content\/uploads\/2025\/11\/nature-3294632_1280_1.jpg 1280w\" sizes=\"(max-width: 640px) 100vw, 600px\" \/><\/span><\/div><\/div><\/div><div class=\"fusion-layout-column fusion_builder_column fusion-builder-column-4 fusion_builder_column_1_2 1_2 fusion-flex-column\" style=\"--awb-bg-size:cover;--awb-width-large:50%;--awb-margin-top-large:0px;--awb-spacing-right-large:3.84%;--awb-margin-bottom-large:20px;--awb-spacing-left-large:3.84%;--awb-width-medium:50%;--awb-order-medium:0;--awb-spacing-right-medium:3.84%;--awb-spacing-left-medium:3.84%;--awb-width-small:100%;--awb-order-small:0;--awb-spacing-right-small:1.92%;--awb-spacing-left-small:1.92%;\"><div class=\"fusion-column-wrapper fusion-column-has-shadow fusion-flex-justify-content-flex-start fusion-content-layout-column\"><div class=\"fusion-text fusion-text-3 fusion-text-no-margin\" style=\"--awb-margin-bottom:20px;\"><h1>Impatto ambientale<\/h1>\n<\/div><div class=\"fusion-text fusion-text-4\"><p><strong>Ridurre l\u2019impatto ambientale, valorizzare le persone, lavorare con integrit\u00e0 e generare valore condiviso<\/strong> sono i pilastri che guidano ogni nostra scelta. Dalla gestione efficiente dell\u2019energia e delle risorse, alla promozione dell\u2019economia circolare; dalla sicurezza sul lavoro alla formazione continua; dal dialogo con il territorio alla trasparenza della governance: la sostenibilit\u00e0 \u00e8 parte integrante di ogni fase della nostra attivit\u00e0.<\/p>\n<\/div><\/div><\/div><\/div><\/div><div class=\"fusion-fullwidth fullwidth-box fusion-builder-row-4 fusion-flex-container has-pattern-background has-mask-background nonhundred-percent-fullwidth non-hundred-percent-height-scrolling\" style=\"--awb-border-radius-top-left:0px;--awb-border-radius-top-right:0px;--awb-border-radius-bottom-right:0px;--awb-border-radius-bottom-left:0px;--awb-margin-top:70px;--awb-flex-wrap:wrap;\" ><div class=\"fusion-builder-row fusion-row fusion-flex-align-items-flex-start fusion-flex-content-wrap\" style=\"max-width:1248px;margin-left: calc(-4% \/ 2 );margin-right: calc(-4% \/ 2 );\"><div class=\"fusion-layout-column fusion_builder_column fusion-builder-column-5 fusion_builder_column_1_2 1_2 fusion-flex-column\" style=\"--awb-bg-size:cover;--awb-width-large:50%;--awb-margin-top-large:0px;--awb-spacing-right-large:3.84%;--awb-margin-bottom-large:20px;--awb-spacing-left-large:3.84%;--awb-width-medium:50%;--awb-order-medium:0;--awb-spacing-right-medium:3.84%;--awb-spacing-left-medium:3.84%;--awb-width-small:100%;--awb-order-small:0;--awb-spacing-right-small:1.92%;--awb-spacing-left-small:1.92%;\" data-scroll-devices=\"small-visibility,medium-visibility,large-visibility\"><div class=\"fusion-column-wrapper fusion-column-has-shadow fusion-flex-justify-content-flex-start fusion-content-layout-column\"><div class=\"fusion-text fusion-text-5 fusion-text-no-margin\" style=\"--awb-margin-bottom:20px;\"><h1>Bilancio di sostenibilit\u00e0<\/h1>\n<\/div><div class=\"fusion-text fusion-text-6\"><p>Per noi, sostenibilit\u00e0 significa <strong>costruire valore duraturo<\/strong>: per le persone, per i clienti, per la comunit\u00e0 e per le generazioni che verranno.Vuoi approfondire il nostro percorso? \u00c8 possibile scaricare il <strong>Bilancio di Sostenibilit\u00e0<\/strong> completo compilando il form sotto.<\/p>\n<\/div><div class=\"fusion-text fusion-text-7\" style=\"--awb-margin-top:20px;\"><div style=\"background-color: #d9ebfa; color: #000; padding: 50px;\">\n<div class=\"wpcf7 no-js\" id=\"wpcf7-f16152-o1\" lang=\"it-IT\" dir=\"ltr\">\n<div class=\"screen-reader-response\"><p role=\"status\" aria-live=\"polite\" aria-atomic=\"true\"><\/p> <ul><\/ul><\/div>\n<form action=\"\/estrusione_alluminio\/wp-json\/wp\/v2\/pages\/15954#wpcf7-f16152-o1\" method=\"post\" class=\"wpcf7-form init\" aria-label=\"Modulo di contatto\" novalidate=\"novalidate\" data-status=\"init\">\n<div style=\"display: none;\">\n<input type=\"hidden\" name=\"_wpcf7\" value=\"16152\" \/>\n<input type=\"hidden\" name=\"_wpcf7_version\" value=\"5.9.3\" \/>\n<input type=\"hidden\" name=\"_wpcf7_locale\" value=\"it_IT\" \/>\n<input type=\"hidden\" name=\"_wpcf7_unit_tag\" value=\"wpcf7-f16152-o1\" \/>\n<input type=\"hidden\" name=\"_wpcf7_container_post\" value=\"0\" \/>\n<input type=\"hidden\" name=\"_wpcf7_posted_data_hash\" value=\"\" \/>\n<input type=\"hidden\" name=\"_wpcf7_recaptcha_response\" value=\"\" \/>\n<\/div>\n<p><span style=\"font-size:11px; color:#000000\"> (tutti i campi sono obbligatori)<\/span><br \/>\n<span class=\"wpcf7-form-control-wrap\" data-name=\"your-name\"><input size=\"40\" class=\"wpcf7-form-control wpcf7-text wpcf7-validates-as-required\" aria-required=\"true\" aria-invalid=\"false\" placeholder=\"Nome\" value=\"\" type=\"text\" name=\"your-name\" \/><\/span>\n<\/p>\n<p><br \/>\n<span class=\"wpcf7-form-control-wrap\" data-name=\"your-email\"><input size=\"40\" class=\"wpcf7-form-control wpcf7-email wpcf7-validates-as-required wpcf7-text wpcf7-validates-as-email\" aria-required=\"true\" aria-invalid=\"false\" placeholder=\"Email\" value=\"\" type=\"email\" name=\"your-email\" \/><\/span>\n<\/p>\n<p><br \/>\n<span class=\"wpcf7-form-control-wrap\" data-name=\"your-subject\"><input size=\"40\" class=\"wpcf7-form-control wpcf7-text wpcf7-validates-as-required\" aria-required=\"true\" aria-invalid=\"false\" placeholder=\"Azienda\" value=\"\" type=\"text\" name=\"your-subject\" \/><\/span>\n<\/p>\n<p><span class=\"wpcf7-form-control-wrap\" data-name=\"dati_personali\"><span class=\"wpcf7-form-control wpcf7-acceptance\"><span class=\"wpcf7-list-item\"><label><input type=\"checkbox\" name=\"dati_personali\" value=\"1\" aria-invalid=\"false\" \/><span class=\"wpcf7-list-item-label\">Autorizzo il trattamento dei dati personali<\/span><\/label><\/span><\/span><\/span><br \/>\n<span style=\"font-size:11px; color:#000;\"><a href=\"\/estrusione_alluminio\/wp-content\/uploads\/informativa\/informativa_privacy.pdf\" target=\"_blank\"><span style=\"font-size:11px; color:#000;\"><u>Informativa sulla privacy<\/u><\/span><\/a> ex art. 13 del Regolamento (UE) 2016\/679 <\/span>\n<\/p>\n<p><input class=\"wpcf7-form-control wpcf7-submit has-spinner\" type=\"submit\" value=\"Invia\" \/>\n<\/p>\n<div class=\"visible-only-if-sent\">\n\t<p><a href=\"https:\/\/www.viba.it\/estrusione_alluminio\/wp-content\/uploads\/pdf\/bilancio_sostenibilita.pdf\"><span style=\"color:red;text-decoration: underline;\"><br \/>\nScarica il pdf<\/span><\/a>\n\t<\/p>\n<\/div><div class=\"fusion-alert alert custom alert-custom fusion-alert-center wpcf7-response-output awb-alert-native-link-color alert-dismissable awb-alert-close-boxed\" style=\"--awb-border-size:1px;--awb-border-top-left-radius:0px;--awb-border-top-right-radius:0px;--awb-border-bottom-left-radius:0px;--awb-border-bottom-right-radius:0px;\" role=\"alert\"><div class=\"fusion-alert-content-wrapper\"><span class=\"fusion-alert-content\"><\/span><\/div><button type=\"button\" class=\"close toggle-alert\" data-dismiss=\"alert\" aria-label=\"Close\">&times;<\/button><\/div>\n<\/form>\n<\/div>\n<\/div>\n<\/div><\/div><\/div><div class=\"fusion-layout-column fusion_builder_column fusion-builder-column-6 fusion_builder_column_1_2 1_2 fusion-flex-column\" style=\"--awb-bg-size:cover;--awb-width-large:50%;--awb-margin-top-large:0px;--awb-spacing-right-large:3.84%;--awb-margin-bottom-large:20px;--awb-spacing-left-large:3.84%;--awb-width-medium:50%;--awb-order-medium:0;--awb-spacing-right-medium:3.84%;--awb-spacing-left-medium:3.84%;--awb-width-small:100%;--awb-order-small:0;--awb-spacing-right-small:1.92%;--awb-spacing-left-small:1.92%;\" data-scroll-devices=\"small-visibility,medium-visibility,large-visibility\"><div class=\"fusion-column-wrapper fusion-column-has-shadow fusion-flex-justify-content-flex-start fusion-content-layout-column\"><div class=\"fusion-image-element \" style=\"text-align:center;--awb-max-width:300px;--awb-caption-title-font-family:var(--h2_typography-font-family);--awb-caption-title-font-weight:var(--h2_typography-font-weight);--awb-caption-title-font-style:var(--h2_typography-font-style);--awb-caption-title-size:var(--h2_typography-font-size);--awb-caption-title-transform:var(--h2_typography-text-transform);--awb-caption-title-line-height:var(--h2_typography-line-height);--awb-caption-title-letter-spacing:var(--h2_typography-letter-spacing);\"><span class=\" fusion-imageframe imageframe-none imageframe-3 hover-type-none\" style=\"border:2px solid #025ca4;\"><img decoding=\"async\" width=\"600\" height=\"849\" title=\"sostenibilita_copertina\" src=\"https:\/\/www.viba.it\/estrusione_alluminio\/wp-content\/uploads\/2025\/11\/sostenibilita_copertina.jpg\" alt class=\"img-responsive wp-image-16037\" srcset=\"https:\/\/www.viba.it\/estrusione_alluminio\/wp-content\/uploads\/2025\/11\/sostenibilita_copertina-200x283.jpg 200w, https:\/\/www.viba.it\/estrusione_alluminio\/wp-content\/uploads\/2025\/11\/sostenibilita_copertina-400x566.jpg 400w, https:\/\/www.viba.it\/estrusione_alluminio\/wp-content\/uploads\/2025\/11\/sostenibilita_copertina.jpg 600w\" sizes=\"(max-width: 640px) 100vw, 600px\" \/><\/span><\/div><\/div><\/div><\/div><\/div><\/p>\n","protected":false},"excerpt":{"rendered":"","protected":false},"author":1,"featured_media":0,"parent":0,"menu_order":0,"comment_status":"closed","ping_status":"closed","template":"100-width.php","meta":{"footnotes":""},"_links":{"self":[{"href":"https:\/\/www.viba.it\/estrusione_alluminio\/wp-json\/wp\/v2\/pages\/15954"}],"collection":[{"href":"https:\/\/www.viba.it\/estrusione_alluminio\/wp-json\/wp\/v2\/pages"}],"about":[{"href":"https:\/\/www.viba.it\/estrusione_alluminio\/wp-json\/wp\/v2\/types\/page"}],"author":[{"embeddable":true,"href":"https:\/\/www.viba.it\/estrusione_alluminio\/wp-json\/wp\/v2\/users\/1"}],"replies":[{"embeddable":true,"href":"https:\/\/www.viba.it\/estrusione_alluminio\/wp-json\/wp\/v2\/comments?post=15954"}],"version-history":[{"count":81,"href":"https:\/\/www.viba.it\/estrusione_alluminio\/wp-json\/wp\/v2\/pages\/15954\/revisions"}],"predecessor-version":[{"id":16171,"href":"https:\/\/www.viba.it\/estrusione_alluminio\/wp-json\/wp\/v2\/pages\/15954\/revisions\/16171"}],"wp:attachment":[{"href":"https:\/\/www.viba.it\/estrusione_alluminio\/wp-json\/wp\/v2\/media?parent=15954"}],"curies":[{"name":"wp","href":"https:\/\/api.w.org\/{rel}","templated":true}]}}